Give y(-4).
9
Let d(x) = -375*x - 25509. Calculate d(-68).
-9
Let m(x) = x**2 + 121*x + 3668. Calculate m(-50).
118
Let s(w) = w**2 + 103*w - 14320. Determine s(-182).
58
Let y(j) = 7378*j - 5290020. What is y(717)?
6
Let i(f) = f**3 + 63*f**2 - 5*f. Calculate i(0).
0
Let b(m) = -22*m**2 + 110*m + 1064. Give b(10).
-36
Let f(n) = 2*n**3 - 64*n**2 - 28*n + 99. Determine f(33).
1353
Let t(q) = -7067*q + 70717. Determine t(10).
47
Let n(s) = -6563*s - 5217586. Give n(-795).
-1
Let d(u) = -2675*u + 692823. Calculate d(259).
-2
Let m(v) = -119*v - 8473. Calculate m(-106).
4141
Let j(k) = -5*k**2 - 190*k + 4024. What is j(15)?
49
Let j(c) = -62*c**2 - 211*c - 1378. Give j(-7).
-2939
Let q(k) = -k**3 - 388*k**2 + 103737*k + 575. What is q(182)?
29
Let g(m) = m**3 + 159*m**2 + 394*m + 12490. Calculate g(-157).
-70
Let y(n) = 1330*n - 91761. Calculate y(68).
-1321
Let z(f) = -74358*f - 15243405. What is z(-205)?
-15
Let n(i) = -12*i**2 - 2202*i + 5073. What is n(-186)?
-507
Let q(w) = -2*w**3 - 104*w**2 - 2493*w - 137795. Determine q(-53).
-48
Let f(v) = -v**3 + 2*v**2 + 738*v - 5193. Give f(7).
-272
Let b(s) = 275*s - 7365. Calculate b(27).
60
Let l(m) = 2*m**3 + m**2 - 73*m - 109. What is l(-11)?
-1847
Let y(c) = -8*c**3 + 1511*c**2 + 192*c + 326. What is y(189)?
893
Let z(b) = -3420*b - 10997. Determine z(-3).
-737
Let k(s) = 10*s**2 + 1588*s + 7378. What is k(-154)?
-14
Let l(m) = -4520*m - 1388. What is l(-1)?
3132
Let o(s) = -243*s**2 - 63900*s + 2380. Determine o(-263).
13
Let y(x) = 8105*x - 10544605. Calculate y(1301).
0
Let c(y) = -2*y**2 - 1249*y + 19540. Give c(15).
355
Let g(j) = -j**2 - 4737*j + 33183. Determine g(7).
-25
Let i(k) = 236*k - 4532. Give i(22).
660
Let r(h) = 5581*h - 256702. Give r(46).
24
Let t(d) = d**3 + 217*d**2 + 2838*d - 820. What is t(-203)?
-8
Let j(d) = -1581*d - 777842. Give j(-492).
10
Let j(m) = 1493*m + 241894. Give j(-162).
28
Let t(d) = 41207*d - 824140. Determine t(20).
0
Let b(f) = -f**2 + 584*f - 9774. Determine b(16).
-686
Let x(u) = -880213*u - 1760414. Give x(-2).
12
Let l(b) = -5*b**2 + 818*b + 4509. Give l(169).
-54
Let n(k) = 23*k**2 + 153*k + 145. Calculate n(-9).
631
Let r(t) = -28*t**2 + 1044*t + 1877. Calculate r(39).
5
Let q(w) = 69181*w - 830172. Calculate q(12).
0
Let y(v) = v**3 - 30*v**2 - v - 17. What is y(31)?
913
Let i(f) = 6*f**2 + 65*f + 547. What is i(-9)?
448
Let f(r) = 71*r**2 + 26014*r - 15790. Determine f(-367).
-9
Let c(n) = -13*n**2 - 1914*n - 447. Calculate c(-147).
-6
Let v(k) = -859*k + 26792. Calculate v(32).
-696
Let j(s) = -s**2 + 1288*s - 393432. Determine j(498).
-12
Let i(w) = 1290362*w + 7742172. Calculate i(-6).
0
Let v(s) = -22*s**3 - 196*s**2 - 9*s - 12. Calculate v(-9).
231
Let u(a) = 12336*a + 2331497. Determine u(-189).
-7
Let w(t) = 626908*t - 2507628. What is w(4)?
4
Let d(l) = -7072*l + 71172. Calculate d(10).
452
Let v(b) = b**2 - 96*b + 2189. Determine v(42).
-79
Let t(k) = k**3 + 29*k**2 + 1802*k + 49678. Determine t(-28).
6
Let t(l) = 9*l**2 + 484*l - 2535. Calculate t(5).
110
Let s(q) = 2512*q + 377. Give s(-2).
-4647
Let v(r) = -r**2 + 18203*r + 2734475. Give v(-149).
27
Let a(u) = 9666*u - 7549134. What is a(781)?
12
Let l(w) = -1234*w + 14200. Calculate l(12).
-608
Let q(a) = 2*a**2 + 170*a + 3016. What is q(-19)?
508
Let r(x) = -134*x - 995. Determine r(-18).
1417
Let o(v) = v**2 + 33*v + 13. Calculate o(-11).
-229
Let j(v) = -148*v**2 + 5192*v - 166. Calculate j(35).
254
Let h(n) = 11*n**2 + 47*n - 150. What is h(5)?
360
Let u(t) = -3*t**2 + 144*t + 3384. Determine u(62).
780
Let n(b) = -53*b**2 - 40683*b + 16133. Give n(-768).
5
Let s(x) = 21*x**2 - 188*x - 1470. Calculate s(14).
14
Let t(x) = 10*x**2 + 79*x - 496. What is t(4)?
-20
Let k(n) = -6578*n - 3499522. Determine k(-532).
-26
Let t(f) = -311*f - 106046. Determine t(-341).
5
Let v(a) = 42*a**2 - 2483*a + 11. What is v(59)?
-284
Let j(y) = y**3 - 4*y**2 - 67*y - 24. Determine j(-8).
-256
Let o(s) = -26*s**2 - 1877*s - 7358. Give o(-68).
54
Let a(v) = -6*v**3 + 1478*v**2 + 47903*v - 157. Determine a(-29).
-12
Let o(w) = -280*w - 980. Calculate o(-10).
1820
Let u(t) = -37*t**2 - 18659*t + 112044. Calculate u(6).
-1242
Let m(s) = s**3 - 171*s**2 + 7179*s - 58. Determine m(97).
39
Let x(s) = 3*s**2 + 167*s - 3705. Calculate x(-74).
365
Let t(i) = 366*i**3 + 10*i**2 - i - 45. Determine t(-2).
-2931
Let n(g) = 36*g - 100. Calculate n(14).
404
Let u(q) = -21*q**2 + 1702*q - 766. Give u(82).
-2406
Let h(m) = 12922*m + 26487. What is h(-2)?
643
Let b(p) = -301*p + 4894. Determine b(15).
379
Let x(w) = 210*w**2 + 806*w - 1599. Calculate x(2).
853
Let x(s) = -1263*s - 20571. Determine x(-16).
-363
Let l(z) = -177392*z - 4434781. Calculate l(-25).
19
Let h(g) = -653*g + 620. Determine h(1).
-33
Let w(f) = -f**3 - 15*f**2 - 116*f - 561. Determine w(-9).
-3
Let n(f) = f**3 - 12*f**2 + 27*f - 80. Calculate n(5).
-120
Let h(w) = -4*w**2 + 591*w + 53128. Calculate h(-63).
19
Let n(s) = -144*s**3 + 717*s**2 - 153*s + 842. Calculate n(5).
2
Let u(t) = -t**3 - 8*t**2 - 164*t - 917. Calculate u(-6).
-5
Let l(q) = -7*q**2 + 165*q - 734. Determine l(6).
4
Let h(b) = -452*b - 3823. Give h(-8).
-207
Let s(k) = 446*k - 40942. Give s(92).
90
Let i(x) = 259*x**2 + 95829*x - 370. Give i(-370).
0
Let d(c) = -2*c**2 - 17818*c - 35640. Determine d(-2).
-12
Let y(h) = -h**2 + 705*h - 6902. What is y(10)?
48
Let u(c) = 3*c**2 + 2161*c + 12924. Calculate u(-6).
66
Let c(t) = -799*t + 326. Calculate c(2).
-1272
Let d(g) = 2*g**3 - 1594*g**2 + 24994*g - 1558. Determine d(781).
4
Let n(s) = 2*s**3 + 18*s**2 - 35*s - 294. Give n(-13).
-1191
Let a(n) = -2*n**2 + 824*n - 64071. Calculate a(308).
-7
Let s(p) = p**3 + 18*p**2 + 2450*p + 19052. Calculate s(-8).
92
Let z(r) = -206*r**2 - 51919*r - 1778. Calculate z(-252).
-14
Let x(o) = -2859*o - 1283538. Calculate x(-449).
153
Let n(c) = c**3 - 31*c - 57. Give n(-4).
3
Let f(s) = -1475*s**2 + 4408*s + 2. Determine f(3).
-49
Let t(y) = 11*y**3 + 80*y**2 + 1231*y + 8348. Determine t(-7).
-122
Let r(g) = -g**2 + 1364*g - 69258. What is r(53)?
225
Let c(s) = 69000*s + 620986. Calculate c(-9).
-14
Let s(v) = 1561*v + 3675. Calculate s(-4).
-2569
Let t(b) = -3149*b**2 - 53529*b + 31. Determine t(-17).
-37
Let y(w) = -22*w**3 + 768*w**2 + 59*w + 377. What is y(35)?
-8
Let t(g) = -5*g**3 + 12*g**2 - 4*g + 34. Calculate t(7).
-1121
Let y(j) = 438*j - 551. Determine y(1).
-113
Let t(n) = 22*n**2 - 3*n + 55. Calculate t(3).
244
Let f(u) = 27*u**2 - 312*u - 33. Calculate f(8).
-801
Let d(x) = x**3 - 185*x**2 + 8377*x - 277. Give d(79).
-40
Let q(n) = -14*n**2 + 1541*n + 20494. Calculate q(-12).
-14
Let z(u) = 17*u**2 - 84*u - 219. Calculate z(-3).
186
Let l(u) = u**3 - 38*u**2 - 20*u + 223. Calculate l(39).
964
Let b(l) = -77643*l + 621144. What is b(8)?
0
Let m(k) = 2648147*k + 21185180. Determine m(-8).
4
Let p(w) = -3630*w + 23487. Give p(7).
-1923
Let v(w) = w**3 + 88*w**2 - 282*w - 1041. Give v(-91).
-222
Let t(r) = 144847*r - 141515522. Calculate t(977).
-3
Let s(y) = -182680*y - 182720. Determine s(-1).
-40
Let t(u) = 4*u**2 + 961*u + 34831. What is t(-41)?
2154
Let p(i) = -3*i**3 - 378*i**2 + 1159*i - 261. Calculate p(-129).
-3
Let t(j) = -146*j - 91. Determine t(10).
-1551
Let x(a) = 2*a**3 + 43*a**2 + 225*a + 46. Give x(-9).
46
Let f(s) = -s**3 + 293*s**2 + 14166*s + 4024. Determine f(-42).
-8
Let g(m) = 370*m**3 + 5*m**2 + 9*m + 6. Determine g(-1).
-368
Let w(n) = n**3 - 39*n**2 - 1542*n - 2532. Calculate w(-23).
136
Let a(p) = -p**2 - 3824*p - 789500. Determine a(-219).
-5
Let f(p) = p**3 - 195*p**2 - 2481*p - 848. Calculate f(207).
-227
Let d(k) = -52*k**3 - 183*k**2 + 204*k - 21. Calculate d(1).
-52
Let q(z) = 2*z**3 + 3295*z**2 - 6592*z - 5. What is q(2)?
7
Let o(a) = -9*a**3 + 82*a**2 - 38*a + 22. Calculate o(9).
-239
Let m(s) = s**3 + 37*s**2 - 79*s + 32. Give m(-39).
71
Let j(d) = 349*d + 10845. What is j(-31)?
26
Let z(t) = t**3 - 34*t**2 - 427*t - 80. Determine z(-10).
-210
Let p(y) = -223*y**3 - 107711*y**2 - 965*y + 475. What is p(-483)?
-8
Let t(d) = -5*d**3 - 142*d**2 + 875*d + 9565. What is t(-32)?
-3
Let l(t) = 2866*t - 716519. What is l(250)?
-19
Let x(a) = -128*a**3 - 507*a**2 + 9*a - 32. Give x(-4).
12
Let i(u) = 4*u**3 - 27*u**2 + 21*u - 4. Calculate i(6).
14
Let 